{"id":114,"date":"2023-07-31T13:18:11","date_gmt":"2023-07-31T11:18:11","guid":{"rendered":"https:\/\/caniplex.fr\/dev\/?post_type=product&#038;p=114"},"modified":"2023-09-28T14:57:42","modified_gmt":"2023-09-28T12:57:42","slug":"specifique","status":"publish","type":"product","link":"https:\/\/caniplex.fr\/boutique\/produit\/specifique\/","title":{"rendered":"Sp\u00e9cifique 15Kg"},"content":{"rendered":"<h3>Aliment Complet Pour Chien Adulte<\/h3>\n<p>D\u00e9couvrez notre produit phare, les croquettes Caniplex Sp\u00e9cifique, agneau &amp; riz pour chien.<br \/>\nSp\u00e9cialement formul\u00e9es avec de l&#8217;agneau de qualit\u00e9 sup\u00e9rieure et du riz facilement digestible, ces croquettes offrent une nutrition \u00e9quilibr\u00e9e et d\u00e9licieuse pour votre fid\u00e8le compagnon. Les prot\u00e9ines maigres de l&#8217;agneau favorisent le d\u00e9veloppement musculaire, tandis que le riz contribue \u00e0 une digestion optimale. En plus d&#8217;\u00eatre optimales pour une tr\u00e8s bonne digestibilit\u00e9, les croquettes Caniplex Sp\u00e9cifique agneau riz sont hypoallerg\u00e9niques, ce qui en fait un choix id\u00e9al pour les chiens sensibles. Elles sont \u00e9galement enrichies en vitamines et min\u00e9raux essentiels pour soutenir la sant\u00e9 de la peau et du pelage. De plus, ces croquettes sont renforc\u00e9es avec de la chondro\u00eftine et de la glucosamine pour favoriser la sant\u00e9 articulaire de votre chien. Offrez \u00e0 votre compagnon le meilleur avec Caniplex Sp\u00e9cifique agneau riz, des croquettes sans compromis sur la qualit\u00e9.<\/p>\n<ul>\n<li>Formule V\u00e9t\u00e9rinaire<\/li>\n<li>Sans OGM<\/li>\n<li>Produit Fran\u00e7ais<\/li>\n<\/ul>\n<p>&nbsp;<\/p>\n<hr \/>\n<h3><strong>Ingredients : <\/strong><\/h3>\n<p>Agneau (min. 30%), Riz (min. 25%), Huile et graisse (100% volaille), Prot\u00e9ines de volaille deshydrat\u00e9es, Gluten de ma\u00efs, Ma\u00efs, Poulet (min. 10%), Prot\u00e9ines plasmatiques (min. 5%), Pulpe de betterave, Levures, Graine de lin, Oeufs entiers deshydrat\u00e9s, Hydrolysat de foie de volaille, Racine de chicor\u00e9e, Chlorure de potassium, Carbonate de calcium, Vitamines et min\u00e9raux, Fructo-oligo-saccharides (FOS), Manno-oligo-saccharides (MOS), Extrait de Yucca Shidigera, Romarin, Sulfate de Chondro\u00eftine, Sulfate de N-acetyl-glucosamine, Tartrate de L-Carnitine.<\/p>\n<p>Additifs CE : Extraits d\u2019origine naturelle riches en tocoph\u00e9rols, Acide orthophosphorique.<\/p>\n<p>&nbsp;<\/p>\n<h3><strong>Analyses Moyennes : <\/strong><\/h3>\n<p>Prot\u00e9ines brutes : 26.00%, Mati\u00e8res grasses brutes : 12.00%, Humidit\u00e9 : 10.00%, Mati\u00e8res min\u00e9rales brutes : 6.00%, Cellulose brute : 2.50%, Acide linol\u00e9ique : 6.50% (min.), Vitamine A : 15 000 UI\/Kg, Vitamine D3 : 1 500 UI\/Kg, Vitamine E : 500.00 mg\/Kg, Vitamine C : 200.00 mg\/Kg, Vitamine K : 2.00 mg\/ Kg, Vitamine B1 : 25.00 mg\/Kg, Vitamine B2 : 25.00 mg\/Kg, Vitamine B3 : 60.00 mg\/Kg, Vitamine B5 : 85.00 mg\/Kg, Vitamine B6 : 10.00 mg\/Kg, Vitamine B7 (Choline) : 3 500 mg\/Kg, Vitamine B8 (Biotine) : 5.00 mg\/Kg, Vitamine B9 : 14.00 mg\/Kg, Vitamine B12 : 0.40 mg\/Kg, Ca : 1.20%, P : 1.00%, Mg : 0.09%, K : 0.70%, Na : 0.35%, Fe : 350.00 mg\/Kg, Cu : 15.00 mg\/Kg, Mn : 60.00 mg\/Kg, Zn : 300 mg\/Kg, I : 5.00 mg\/Kg, Se : 0.50 mg\/Kg.<\/p>\n<p><strong>Energie m\u00e9tabolisable :<\/strong> 3 870 Kcal\/Kg<\/p>\n<p>&nbsp;<\/p>\n<h3><strong>Ration Journali\u00e8re indicative (g)<br \/>\n<\/strong><\/h3>\n<p><strong>Poids du Chien\u00a0\u00a0\u00a0 1-3kg \u00a0 \u00a0 3-5kg\u00a0\u00a0\u00a0\u00a0\u00a0 \u00a0\u00a0 5-10kg\u00a0\u00a0\u00a0\u00a0\u00a0\u00a0\u00a0 10-20kg\u00a0\u00a0\u00a0\u00a0\u00a0\u00a0 20-40kg \u00a0 \u00a0\u00a0 40-60kg \u00a0 60-80kg<\/strong><\/p>\n<hr \/>\n<p><strong>&gt;12 mois<\/strong> \u00a0 \u00a0 \u00a0 \u00a0 \u00a0 \u00a0 \u00a0 \u00a0 70-85\u00a0 \u00a0 \u00a0 85-115\u00a0\u00a0 \u00a0 \u00a0 \u00a0\u00a0 85-180\u00a0 \u00a0\u00a0\u00a0\u00a0\u00a0\u00a0 150-280\u00a0 \u00a0\u00a0\u00a0\u00a0 \u00a0 300-370 \u00a0\u00a0 \u00a0\u00a0\u00a0 520-620 \u00a0\u00a0\u00a0 480-690<\/p>\n<hr \/>\n<p><strong>&gt;18 mois\u00a0<\/strong> \u00a0\u00a0\u00a0\u00a0 \u00a0 \u00a0 \u00a0 \u00a0 \u00a0 70-85 \u00a0\u00a0\u00a0\u00a0\u00a0 85-115\u00a0\u00a0\u00a0\u00a0\u00a0\u00a0\u00a0\u00a0 85-180\u00a0\u00a0\u00a0\u00a0\u00a0\u00a0\u00a0\u00a0 150-280\u00a0\u00a0\u00a0\u00a0\u00a0\u00a0\u00a0\u00a0 290-490 \u00a0\u00a0\u00a0 \u00a0\u00a0 510-630 \u00a0\u00a0 \u00a0 510-730<\/p>\n<hr \/>\n<p><strong>18 mois<\/strong> et + \u00a0 \u00a0 \u00a0 \u00a0 \u00a0 70-85 \u00a0\u00a0\u00a0 \u00a0 85-115\u00a0\u00a0\u00a0\u00a0\u00a0\u00a0\u00a0\u00a0 85-180\u00a0\u00a0\u00a0\u00a0\u00a0\u00a0\u00a0\u00a0 150-280\u00a0\u00a0\u00a0\u00a0\u00a0\u00a0\u00a0\u00a0 280-480 \u00a0\u00a0\u00a0 \u00a0\u00a0 510-620\u00a0\u00a0\u00a0\u00a0 670-810<\/p>\n<hr \/>\n<p>&nbsp;<\/p>\n<p>FR47051001CE<\/p>\n<p>&nbsp;<\/p>\n","protected":false},"excerpt":{"rendered":"<div id=\"product-description-short\">\n<p>Produit d\u00e9licieux et particuli\u00e8rement digeste<\/p>\n<p>Contribue \u00e0 la bonne sant\u00e9 de ses articulations<\/p>\n<p>Des ingr\u00e9dients de qualit\u00e9 pour un pelage sain<\/p>\n<p>Viande Agneau\/Riz et poulet<\/p>\n<\/div>\n","protected":false},"featured_media":600,"comment_status":"open","ping_status":"closed","template":"","meta":[],"product_cat":[19],"product_tag":[],"class_list":{"0":"post-114","1":"product","2":"type-product","3":"status-publish","4":"has-post-thumbnail","6":"product_cat-chien","8":"first","9":"instock","10":"taxable","11":"shipping-taxable","12":"purchasable","13":"product-type-simple"},"jetpack_sharing_enabled":true,"_links":{"self":[{"href":"https:\/\/caniplex.fr\/boutique\/wp-json\/wp\/v2\/product\/114","targetHints":{"allow":["GET"]}}],"collection":[{"href":"https:\/\/caniplex.fr\/boutique\/wp-json\/wp\/v2\/product"}],"about":[{"href":"https:\/\/caniplex.fr\/boutique\/wp-json\/wp\/v2\/types\/product"}],"replies":[{"embeddable":true,"href":"https:\/\/caniplex.fr\/boutique\/wp-json\/wp\/v2\/comments?post=114"}],"version-history":[{"count":2,"href":"https:\/\/caniplex.fr\/boutique\/wp-json\/wp\/v2\/product\/114\/revisions"}],"predecessor-version":[{"id":1626,"href":"https:\/\/caniplex.fr\/boutique\/wp-json\/wp\/v2\/product\/114\/revisions\/1626"}],"wp:featuredmedia":[{"embeddable":true,"href":"https:\/\/caniplex.fr\/boutique\/wp-json\/wp\/v2\/media\/600"}],"wp:attachment":[{"href":"https:\/\/caniplex.fr\/boutique\/wp-json\/wp\/v2\/media?parent=114"}],"wp:term":[{"taxonomy":"product_cat","embeddable":true,"href":"https:\/\/caniplex.fr\/boutique\/wp-json\/wp\/v2\/product_cat?post=114"},{"taxonomy":"product_tag","embeddable":true,"href":"https:\/\/caniplex.fr\/boutique\/wp-json\/wp\/v2\/product_tag?post=114"}],"curies":[{"name":"wp","href":"https:\/\/api.w.org\/{rel}","templated":true}]}}