{"id":449,"date":"2023-08-04T09:47:55","date_gmt":"2023-08-04T07:47:55","guid":{"rendered":"https:\/\/caniplex.fr\/dev\/?post_type=product&#038;p=449"},"modified":"2023-09-11T18:55:53","modified_gmt":"2023-09-11T16:55:53","slug":"nutritif","status":"publish","type":"product","link":"https:\/\/caniplex.fr\/boutique\/produit\/nutritif\/","title":{"rendered":"Nutritif 15kg"},"content":{"rendered":"<div id=\"description\" class=\"tab-pane fade in active\">\n<div class=\"product-description\">\n<h3>Aliment Complet Pour Chien Adulte<\/h3>\n<p>Les croquettes Caniplex Nutritif, sp\u00e9cialement \u00e9labor\u00e9es pour les chiens adultes actifs au quotidien. Dot\u00e9es d&#8217;une digestion optimale et d&#8217;un rapport qualit\u00e9-prix incomparable, ces croquettes offrent une nutrition \u00e9quilibr\u00e9e et savoureuse \u00e0 votre fid\u00e8le compagnon. Fabriqu\u00e9es avec soin et contenant de la viande de poulet de haute qualit\u00e9, elles fournissent les prot\u00e9ines n\u00e9cessaires pour maintenir la force musculaire de votre chien. La digestibilit\u00e9 exceptionnelle assure une absorption optimale des nutriments, garantissant une satisfaction gustative et nutritive. Optez pour les croquettes Caniplex Nutritif et offrez \u00e0 votre chien adulte une alimentation qui r\u00e9pond \u00e0 ses besoins nutritionnels sans compromis sur la qualit\u00e9.<\/p>\n<ul>\n<li>Formule V\u00e9t\u00e9rinaire<\/li>\n<li>Sans OGM<\/li>\n<li>Produit Fran\u00e7ais<\/li>\n<\/ul>\n<p>&nbsp;<\/p>\n<hr \/>\n<h3>Ingredients :<\/h3>\n<p>Poulet (min. 35%), Riz (min. 15%), Ma\u00efs, Bl\u00e9, Huile et graisse (100% volaille), Prot\u00e9ines de volaille deshydrat\u00e9es, Gluten de ma\u00efs, Pulpe de betterave (min. 2%), Levures, Graine de lin, Hydrolysat de foie de volaille, Racine de chicor\u00e9e, Chlorure de potassium, Carbonate de calcium, Vitamines et min\u00e9raux, Fructo-oligo-saccharides (FOS), Manno-oligo-saccharides (MOS), Extrait de Yucca Shidigera.<\/p>\n<p>Additifs CE : Extraits d\u2019origine naturelle riches en tocoph\u00e9rols, Acide orthophosphorique.<\/p>\n<h3>Analyses Moyennes :<\/h3>\n<p>Prot\u00e9ines brutes : 26.00%, Mati\u00e8res grasses brutes : 12.00%, Humidit\u00e9 : 10.00%, Mati\u00e8res min\u00e9rales brutes : 7.00%, Cellulose brute : 3.00%, Acide linol\u00e9ique : 4.50% (min.), Vitamine A : 14 000 UI\/Kg, Vitamine D3 : 1 000 UI\/Kg, Vitamine E : 200.00 mg\/Kg, Vitamine C : 250.00 mg\/Kg, Vitamine K : 2.00 mg\/ Kg, Vitamine B1 : 25.00 mg\/Kg, Vitamine B2 : 20.00 mg\/Kg, Vitamine B3 : 60.00 mg\/Kg, Vitamine B5 : 70.00 mg\/Kg, Vitamine B6 : 12.00 mg\/Kg, Vitamine B7 (Choline) : 2 500 mg\/Kg, Vitamine B8 (Biotine) : 5.00 mg\/Kg, Vitamine B9 : 12 mg\/Kg, Vitamine B12 : 0.35 mg\/Kg, Ca : 1.00%, P : 0.80%, Mg : 0.10%, K : 0.70%, Na : 0.40%, Fe : 400.00 mg\/Kg, Cu : 15.00 mg\/Kg, Mn : 70.00 mg\/Kg, Zn : 250 mg\/Kg, I : 5.00 mg\/Kg, Se : 0.50 mg\/Kg.<\/p>\n<p>Energie m\u00e9tabolisable <strong>:<\/strong> 3 620 Kcal\/Kg<\/p>\n<h4>Ration Journali\u00e8re Indicative<\/h4>\n<p>Poids du Chien\u00a0\u00a0\u00a0\u00a0 2.5-5kg\u00a0\u00a0\u00a0 \u00a0 \u00a0 \u00a0 5kg\u00a0\u00a0\u00a0\u00a0\u00a0\u00a0 \u00a0\u00a0 10kg \u00a0 \u00a0 \u00a0 \u00a0 20kg \u00a0 \u00a0 \u00a0\u00a0\u00a0 30kg\u00a0\u00a0\u00a0\u00a0\u00a0\u00a0\u00a0 \u00a0\u00a0 40kg\u00a0\u00a0\u00a0\u00a0\u00a0\u00a0\u00a0 \u00a0 \u00a0 50kg\u00a0\u00a0\u00a0\u00a0\u00a0 \u00a0\u00a0 60kg\u00a0\u00a0\u00a0\u00a0\u00a0\u00a0\u00a0\u00a0\u00a0\u00a0 80kg<\/p>\n<hr \/>\n<p>Ration (g) \u00a0 \u00a0 \u00a0 \u00a0 \u00a0 \u00a0 \u00a0 \u00a0 70-85\u00a0\u00a0\u00a0\u00a0\u00a0\u00a0 85-115\u00a0\u00a0\u00a0 150-180 \u00a0 230-280 \u00a0\u00a0 280-380 \u00a0 \u00a0 360-480\u00a0\u00a0 450-550\u00a0\u00a0 520-630\u00a0\u00a0\u00a0 670-810<\/p>\n<p>FR47051001CE<\/p>\n<\/div>\n<\/div>\n","protected":false},"excerpt":{"rendered":"<div id=\"product-description-short-56\" class=\"product-description-short\">\n<p>Pour chiens adultes ayant une activit\u00e9 normale<br \/>\nExcellente digestibilit\u00e9<br \/>\nRapport qualit\u00e9-prix unique<br \/>\nViande de Poulet<\/p>\n<p>Sac de 15kg<\/p>\n<\/div>\n","protected":false},"featured_media":598,"comment_status":"open","ping_status":"closed","template":"","meta":[],"product_cat":[19],"product_tag":[23],"class_list":{"0":"post-449","1":"product","2":"type-product","3":"status-publish","4":"has-post-thumbnail","6":"product_cat-chien","7":"product_tag-nutritif","9":"first","10":"instock","11":"taxable","12":"shipping-taxable","13":"purchasable","14":"product-type-simple"},"jetpack_sharing_enabled":true,"_links":{"self":[{"href":"https:\/\/caniplex.fr\/boutique\/wp-json\/wp\/v2\/product\/449","targetHints":{"allow":["GET"]}}],"collection":[{"href":"https:\/\/caniplex.fr\/boutique\/wp-json\/wp\/v2\/product"}],"about":[{"href":"https:\/\/caniplex.fr\/boutique\/wp-json\/wp\/v2\/types\/product"}],"replies":[{"embeddable":true,"href":"https:\/\/caniplex.fr\/boutique\/wp-json\/wp\/v2\/comments?post=449"}],"version-history":[{"count":4,"href":"https:\/\/caniplex.fr\/boutique\/wp-json\/wp\/v2\/product\/449\/revisions"}],"predecessor-version":[{"id":1625,"href":"https:\/\/caniplex.fr\/boutique\/wp-json\/wp\/v2\/product\/449\/revisions\/1625"}],"wp:featuredmedia":[{"embeddable":true,"href":"https:\/\/caniplex.fr\/boutique\/wp-json\/wp\/v2\/media\/598"}],"wp:attachment":[{"href":"https:\/\/caniplex.fr\/boutique\/wp-json\/wp\/v2\/media?parent=449"}],"wp:term":[{"taxonomy":"product_cat","embeddable":true,"href":"https:\/\/caniplex.fr\/boutique\/wp-json\/wp\/v2\/product_cat?post=449"},{"taxonomy":"product_tag","embeddable":true,"href":"https:\/\/caniplex.fr\/boutique\/wp-json\/wp\/v2\/product_tag?post=449"}],"curies":[{"name":"wp","href":"https:\/\/api.w.org\/{rel}","templated":true}]}}